ose -4*r + 2*r = -4, d + 5*r = 221. What is the tens digit of d?
1
Let v be -3 + (-22)/(-8) - 51/(-12). Let q(w) = 5*w**2 + 5*w. What is the tens digit of q(v)?
0
Suppose l - 24525 = -5*y, -2*l = -32*y + 29*y + 14715. What is the thousands digit of y?
4
Let d = 1426 + -800. What is the hundreds digit of d?
6
Let i(p) = -4*p**2 - 18*p - 44. Let a(f) = f**2 + 6*f + 15. Let j(t) = -7*a(t) - 2*i(t). Let c be j(13). Let d = c - 20. What is the tens digit of d?
5
What is the units digit of 84630/93 + (-1)/((-1)/(-3))?
7
Let i(x) be the third derivative of 5*x**4/24 - 7*x**3/3 - 16*x**2. What is the units digit of i(12)?
6
Let c(x) = 17*x + 24. Let l be c(-8). What is the units digit of (-6)/30 - l/10?
1
What is the units digit of 40/((-6)/(-9) - 2/12)?
0
Suppose -964 = -30*l + 5486. What is the units digit of l?
5
Suppose -38*m + 2711 - 963 = 0. What is the units digit of m?
6
Let z be (525/(-20))/(-3 - 63/(-24)). Let n = z + -59. What is the tens digit of n?
1
What is the hundreds digit of 4386/(-2)*(-69 - -68)?
1
Let g(m) = 1. Let t(a) = -a - 7. Suppose 5*x - 38 = 2*v - 11, -v - 26 = -5*x. Let k(q) = v*t(q) - 3*g(q). What is the units digit of k(0)?
4
Suppose f - 3*f + 2*z + 10 = 0, -1 = 4*f + 3*z. Suppose -f*t - t = -12. Suppose -t*w + 9*w = 245. What is the tens digit of w?
4
Let q(a) = 1065*a**2 + 16*a + 36. What is the tens digit of q(-2)?
6
Suppose 3*x = 2*i + 2, -4*i + 3 = -2*x - 1. Suppose x*t - 3 - 29 = 0. What is the units digit of t?
6
Let v = -188 - -180. Let q(f) be the third derivative of -7*f**4/24 - 5*f**3/2 - f**2. What is the tens digit of q(v)?
4
Let y(a) = -a**3 - 4*a**2 + 3. Let d be y(-4). Suppose 2*z = 5*p + 145, 2*z + p = d*z - 74. What is the units digit of z?
5
Let o be 28/6*(828/84 + -9). Let h(w) = -w + 25. Let n be h(0). Suppose 0 = o*s - 9*s + n. What is the units digit of s?
5
Let q(g) = 13*g - 26. Let k be q(11). Suppose -w = -3*x - k, -4*x + 529 = 5*w - 5*x. What is the hundreds digit of w?
1
Suppose -2*a - o + 219 = 66, 78 = a - o. Suppose 4*l + 23 = -3*w + 96, -3*w - 2*l + a = 0. What is the units digit of w?
7
Suppose 126036 = 117*p - 102933. What is the units digit of p?
7
Let v(n) = -5*n - 5. Let p be v(-2). Let f = -13 - p. Let d = -1 - f. What is the tens digit of d?
1
Suppose c + 37 = 220. Let x = 56 + c. What is the tens digit of x?
3
Suppose -13*q - 865 = -18*q. Let i = q - 105. What is the units digit of i?
8
Let r(k) = -k**3 + 3*k**2 + 12*k + 47. What is the units digit of r(-9)?
1
What is the tens digit of (-1 + -5 - -8)/((-6)/(-6009))?
0
Let l(w) = w**2 - 16*w + 4. Let s = -32 + 48. Let x be l(s). Let z = x + 7. What is the units digit of z?
1
Suppose 55*q - 23*q - 98432 = 0. What is the units digit of q?
6
Let n(t) = 3*t**3 - 21*t**2 - 17*t - 48. Let b(f) = f**3 - 10*f**2 - 8*f - 24. Let j(h) = -5*b(h) + 2*n(h). What is the tens digit of j(-7)?
3
What is the tens digit of (-2)/(-10) + (-72324)/(-105)?
8
Let j = 182 + 65. What is the hundreds digit of j?
2
Suppose -2680 = 34*s - 42324. What is the tens digit of s?
6
Suppose 4*c - c - 716 = b, -4*c = b - 943. Let s = 386 - c. What is the hundreds digit of s?
1
Let s = 945 + -617. What is the hundreds digit of s?
3
Let d = 329 - 327. Suppose 3*n + 237 = 2*q, -4*q + 2*n = -2*q - 232. Suppose 0 = -x - x - v + q, -5*x + 279 = d*v. What is the units digit of x?
7
Suppose -94899 = -33*i + 27168. What is the tens digit of i?
9
Suppose 21*n - 2*n = 14003. What is the tens digit of n?
3
Let v = -11 - -130. What is the units digit of v?
9
Let y = 31 - 31. Suppose -x + 263 = 5*v, y = 4*v + 4*x - 2*x - 208. What is the tens digit of v?
5
Let j be 32/48 - 26/(-6). What is the hundreds digit of 206 + (-10)/j - (-6 - -3)?
2
Let f(h) = -387*h + 82. What is the tens digit of f(-4)?
3
Suppose -t - 11 + 31 = 0. What is the units digit of 47 + (-5)/(t/(-16))?
1
Let n(b) = b**3 - 5*b**2 - 4*b - 8. Let c be (-6)/(-15) + (-140)/(-25). Let t be n(c). Let x(d) = 7*d. What is the units digit of x(t)?
8
Let f = -22 + 77. Let h = f - -53. Suppose -5*t = -t - h. What is the units digit of t?
7
Let w = 33 - -71. Suppose 28 = f - 0*l - 3*l, -5*l = -3*f + w. Suppose 3*h + 2 = 5*h, -a + 2*h = -f. What is the units digit of a?
5
Let w = 455 - -343. What is the units digit of w?
8
Let l(b) = 15*b - 44. Suppose -6*d = 5*k - 2*d - 49, 0 = 2*k - d - 30. What is the tens digit of l(k)?
5
Suppose 4*w - 2*w - 2 = 0. Let c be w/3 + 242/3. Suppose 0*i + 2*i + 3*y - c = 0, 4*i - 117 = 3*y. What is the tens digit of i?
3
Let d(p) = p**3 - 9*p**2 - 8*p - 18. Let k be d(10). What is the hundreds digit of (28/(-12) + k)*-381?
1
Suppose 480 = -7*m + 4*m. Let c = m + 260. What is the units digit of c?
0
Let f = -6 + 6. Let q be (-19 - -3) + 0 - f. Let d = 29 + q. What is the units digit of d?
3
Let u(f) = f**2 + 4. Suppose -16 + 4 = 4*m - 4*s, -2*m = -3*s + 6. Let y be 0*-2*m/12. What is the units digit of u(y)?
4
Let b = 1796 - -2272. What is the hundreds digit of b?
0
Suppose -3*i + 2*o + 0*o = -4, -2*o + 6 = 2*i. What is the tens digit of (i/(-6))/((-17)/2601)?
5
Suppose 974 - 4110 = -7*a. What is the hundreds digit of a?
4
Let r be 2/7 - 80/(-112). Let a(x) = 34*x**3 - x. What is the units digit of a(r)?
3
Suppose -8*a + 6476 = 460. What is the tens digit of a?
5
Let o(y) = 7*y**3 - 6*y**2 + 17*y - 24. What is the units digit of o(5)?
6
Let b(f) = 10*f + 8 - 27 + f**2 + 7. Let t be b(-11). What is the tens digit of 3*t - (-10 + -5)?
1
Suppose 0 = -2*x + 6, -5*x = -9*t + 13*t - 15039. What is the tens digit of t?
5
Let q = -28 + 198. Suppose -76 = -3*r + q. What is the tens digit of r?
8
Let k(x) = 2*x**2 + 30*x + 54. What is the tens digit of k(-21)?
0
Let i(c) = 534*c - 770. What is the thousands digit of i(6)?
2
Suppose 5*q - 12 = q, 2*b + 7 = 5*q. Suppose -3*n + 0*n = w - b, 4*n = -4. Suppose 4*j - 5*y = j - 7, -2*j + y + w = 0. What is the units digit of j?
6
Suppose 2*a + 60 = -2*r, 0*r + 3*a - 190 = 5*r. Let y = -69 - r. Let w = y - -51. What is the tens digit of w?
1
Let r be 255*(4/(-30))/((-14)/63). Suppose -4*i + 3*i - 2*j + r = 0, 0 = -4*i + 3*j + 656. What is the hundreds digit of i?
1
Suppose -40*v + 42*v = 1794. What is the units digit of v?
7
Suppose -2*a - a + 53295 = 0. Suppose -2*x + 7*x = -a. What is the units digit of x/(-133) - 4/(-14)?
7
Let t(z) = -7*z**2 - 147*z + 49. What is the units digit of t(-21)?
9
Let f = 1863 + -1043. What is the units digit of f?
0
Suppose 3*r + 8 = 5. Let j be (-376)/48 + r/6. What is the tens digit of j/(-2 + (-20)/(-11))?
4
Let h(r) be the second derivative of -2*r**3/3 - 33*r**2/2 + r. What is the units digit of h(-10)?
7
Let n(u) = 8*u**2 - 16*u + 6. Let g be n(6). Let m be 2/(-3) - g/(-54). Suppose 0*l - 147 = -3*d + m*l, 0 = -5*d - 4*l + 290. What is the units digit of d?
4
Let p(x) = 3*x + 2 + 19 - 5*x + x. What is the tens digit of p(-15)?
3
Let k(a) = 27*a**2 + 40*a + 228. What is the units digit of k(-7)?
1
Suppose 4*q - 1713 = 5*x, -5*q - 114*x + 2139 = -118*x. What is the units digit of q?
7
What is the tens digit of 444/(-518)*(-3249 - -1)?
8
Let w be (-5475)/(-8) + (-3)/8. What is the units digit of (12/(-18))/((-2)/w)?
8
What is the units digit of (24/16)/(-3)*-512?
6
Let j(m) = m - 2. Suppose 29 - 9 = 5*k. Let n be j(k). Suppose n*w - 12 = w. What is the tens digit of w?
1
Suppose 48 = -x + p + 1147, 3*p + 1093 = x. What is the hundreds digit of x?
1
What is the units digit of (-39)/(-65)*(7 - 2)?
3
Let z(s) be the second derivative of -s**3 - 11*s**2/2 + 3*s. Let t be z(-6). Let a = t + -13. What is the units digit of a?
2
Let n be 42/2*(-18)/(-7). Let t be -3 + (10 + -4 - 1 - -1). Suppose -t*w + 0*r + 134 = r, -n = -w + 2*r. What is the units digit of w?
6
Let q be 12/48 - (-30)/8. Suppose 0 = -3*k + 3*v + 144, 0*k + q*k - 5*v - 187 = 0. Let h = k + -13. What is the tens digit of h?
4
Let k be 1 - (-2 - 0 - -3). Let g = -26 + 33. Suppose -g = -m - k*m. What is the units digit of m?
7
Let o be 29 - (1 + -1 + 1). Let u(i) = -8*i + 180. Let s be u(18). What is the units digit of (s/42)/(3/o)?
8
Let b(o) = 5*o**2 + 109*o - 3. What is the units digit of b(10)?
7
Let v(i) = -i - 1. Let c(p) = 69*p + 3. Let g(n) = c(n) - v(n). What is the hundreds digit of g(2)?
1
Let g(n) = -4*n + 10. Let t be g(4). Let b be (12 + t)*(-2)/(-3). Sup